3964?
4
What is the units digit of 16354855?
5
What is the thousands digit of 522018?
2
What is the hundreds digit of 6813?
8
What is the hundred thousands digit of 4222423?
2
What is the millions digit of 6657723?
6
What is the units digit of 2860154?
4
What is the hundreds digit of 21387587?
5
What is the thousands digit of 381779?
1
What is the units digit of 428193?
3
What is the units digit of 7233094?
4
What is the tens digit of 1573792?
9
What is the hundreds digit of 24804?
8
What is the ten thousands digit of 8399758?
9
What is the hundreds digit of 585491?
4
What is the thousands digit of 1797531?
7
What is the thousands digit of 914445?
4
What is the ten thousands digit of 2447194?
4
What is the ten thousands digit of 1584250?
8
What is the thousands digit of 13725852?
5
What is the hundred thousands digit of 117153?
1
What is the hundreds digit of 133358?
3
What is the units digit of 18475160?
0
What is the hundreds digit of 1948616?
6
What is the hundred thousands digit of 128335?
1
What is the tens digit of 380564?
6
What is the hundred thousands digit of 124899?
1
What is the tens digit of 436366?
6
What is the units digit of 113964?
4
What is the hundred thousands digit of 561673?
5
What is the units digit of 3893922?
2
What is the tens digit of 123388?
8
What is the thousands digit of 583727?
3
What is the tens digit of 79176?
7
What is the millions digit of 2552384?
2
What is the ten thousands digit of 2410603?
1
What is the hundred thousands digit of 26316757?
3
What is the thousands digit of 3088446?
8
What is the thousands digit of 2057137?
7
What is the ten thousands digit of 8432021?
3
What is the hundreds digit of 43913?
9
What is the tens digit of 443057?
5
What is the units digit of 15933982?
2
What is the hundreds digit of 568803?
8
What is the hundred thousands digit of 427847?
4
What is the hundred thousands digit of 306459?
3
What is the thousands digit of 176614?
6
What is the hundred thousands digit of 2028414?
0
What is the units digit of 113382?
2
What is the hundred thousands digit of 1678483?
6
What is the units digit of 1495?
5
What is the thousands digit of 168672?
8
What is the hundred thousands digit of 15551971?
5
What is the ten thousands digit of 4805489?
0
What is the units digit of 1031315?
5
What is the hundred thousands digit of 1042953?
0
What is the ten thousands digit of 7490885?
9
What is the thousands digit of 2504225?
4
What is the ten thousands digit of 25883?
2
What is the units digit of 13938539?
9
What is the ten millions digit of 26081883?
2
What is the hundreds digit of 36734?
7
What is the ten millions digit of 29512630?
2
What is the thousands digit of 1579198?
9
What is the tens digit of 23871207?
0
What is the hundreds digit of 522343?
3
What is the ten thousands digit of 2163315?
6
What is the millions digit of 2519967?
2
What is the thousands digit of 892209?
2
What is the units digit of 1112914?
4
What is the tens digit of 12234778?
7
What is the millions digit of 28913553?
8
What is the ten thousands digit of 2653481?
5
What is the tens digit of 4045874?
7
What is the hundred thousands digit of 774144?
7
What is the hundreds digit of 122919?
9
What is the tens digit of 177242?
4
What is the thousands digit of 78851?
8
What is the thousands digit of 225740?
5
What is the hundred thousands digit of 3532265?
5
What is the tens digit of 666780?
8
What is the tens digit of 14702563?
6
What is the hundreds digit of 319428?
4
What is the hundreds digit of 67800?
8
What is the thousands digit of 114683?
4
What is the ten thousands digit of 697619?
9
What is the millions digit of 14283739?
4
What is the hundreds digit of 6097593?
5
What is the millions digit of 1875636?
1
What is the thousands digit of 2035913?
5
What is the units digit of 11889860?
0
What is the tens digit of 3705912?
1
What is the ten thousands digit of 662674?
6
What is the hundreds digit of 10912272?
2
What is the thousands digit of 847077?
7
What is the tens digit of 1066952?
5
What is the tens digit of 13614497?
9
What is the hundreds digit of 3254436?
4
What is the thousands digit of 199768?
9
What is the tens digit of 103053?
5
What is the hundred thousands digit of 3556126?
5
What is the units digit of 2776019?
9
What is the units digit of 961096?
6
What is the units digit of 2775658?
8
What is the millions digit of 14848976?
4
What is the hundreds digit of 145403?
4
What is the thousands digit of 1181115?
1
What is the units digit of 231940?
0
What is the thousands digit of 135208?
5
What is the hundred thousands digit of 1640457?
6
What is the thousands digit of 491570?
1
What is the hundred thousands digit of 3356949?
3
What is the millions digit of 7135048?
7
What is the thousands digit of 25195161?
5
What is the millions digit of 2433586?
2
What is the millions digit of 1744492?
1
What is the units digit of 833728?
8
What is the thousands digit of 602146?
2
What is the tens digit of 5044655?
5
What is the ten millions digit of 10161304?
1
What is the hundred thousands digit of 4622975?
6
What is the hundreds digit of 5747850?
8
What is the tens digit of 132980?
8
What is the hundreds digit of 229504?
5
What is the units digit of 194345?
5
What is the millions digit of 1390692?
1
What is the thousands digit of 47178?
7
What is the hundred thousands digit of 1081940?
0
What is the hundreds digit of 667496?
4
What is the hundreds digit of 6943968?
9
What is the hundreds digit of 5771310?
3
What is the tens digit of 5929907?
0
What is the hundred thousands digit of 431092?
4
What is the tens digit of 1542051?
5
What is the hundred thousands digit of 1660790?
6
What is the ten thousands digit of 244429?
4
What is the tens digit of 2613131?
3
What is the thousands digit of 10756?
0
What is the units digit of 297867?
7
What is the hundred thousands digit of 11662358?
6
What is the hundred thousands digit of 150048?
1
What is the units digit of 1126389?
9
What is the millions digit of 2223210?
2
What is the hundred thousands digit of 31613850?
6
What is the units digit of 5679243?
3
What is the ten thousands digit of 22034298?
3
What is the millions digit of 1810866?
1
What is the hundred thousands digit of 327250?
3
What is the millions digit of 13615386?
3
What is the hundred thousands digit of 152161?
1
What is the ten thousands digit of 1174996?
7
What is the tens digit of 1262597?
9
What is the tens digit of 99670?
7
What is the hundreds digit of 1897022?
0
What is the thousands digit of 1527295?
7
What is the thousands digit of 12938895?
8
What is the thousands digit of 1154260?
4
What is the millions digit of 27806428?
7
What is the thousands digit of 864813?
4
What is the units digit of 11901144?
4
What is the tens digit of 181123?
2
What is the tens digit of 5083263?
6
What is the thousands digit of 28311103?
1
What is the tens digit of 210567?
6
What is the ten thousands digit of 391213?
9
What is the tens digit of 468411?
1
What is the ten thousands digit of 2832703?
3
What is the hundreds digit of 9808745?
7
What is the thousands digit of 179771?
9
What is the thousands digit of 9489483?
9
What is the units digit of 7124401?
1
What is the millions digit of 1325849?
1
What is the hundreds digit of 635249?
2
What is the ten thousands digit of 10096309?
9
What is the ten thousands digit of 7479543?
7
What is the hundred thousands digit of 248911?
2
What is the thousands digit of 3428915?
8
What is the hundreds digit of 823849?
8
What is the units digit of 3555924?
4
What is the hundreds digit of 3709489?
4
What is the thousands digit of 142139?
2
What is the tens digit of 1952624?
2
What is the ten thousands digit of 12034480?
3
What is the hundred thousands digit of 450447?
4
What is the units digit of 531443?
3
What is the hundred thousands digit of 9851655?
8
What is the hundred thousands digit of 273521?
2
What is the units digit of 1843768?
8
What is the hundreds digit of 55587?
5
What is the tens digit of 913827?
2
What is the hundreds digit of 11278484?
4
What is the ten thousands digit of 224930?
2
What is the tens digit of 30159?
5
What is the units digit of 1639065?
5
What is the hundred thousands digit of 21297910?
2
What is the thousands digit of 38034?
8
What is the hundred thousands dig